 k(303).
-10
Let o(z) = -z**2 + 30724*z - 890236. Calculate o(29).
-81
Let n(i) = 5217*i - 276465. Calculate n(53).
36
Let d(g) = 165*g - 556. What is d(1)?
-391
Let q(m) = -m**3 + 17*m**2 + 114*m + 310. Calculate q(27).
-3902
Let l(c) = 15*c**3 + 1740*c**2 + 15*c + 1791. Determine l(-116).
51
Let u(i) = -425*i + 100286. Give u(236).
-14
Let j(l) = 24*l**2 - 464*l + 2101. What is j(12)?
-11
Let u(o) = -11*o**2 - 362*o + 5742. Determine u(-44).
374
Let x(g) = g**3 + 27*g**2 + 3*g + 280. Calculate x(-28).
-588
Let l(z) = -z**3 - 223*z**2 + 648*z - 7137. What is l(-226)?
-357
Let q(t) = 2*t**3 - 16*t**2 + 36*t - 581. Determine q(12).
1003
Let q(l) = -6*l**3 + 20*l**2 - 15*l + 17. What is q(5)?
-308
Let c(y) = -37*y**3 + y**2 - 550*y - 1684. What is c(-3)?
974
Let s(w) = w**3 + 12*w**2 - 1549*w - 14172. Calculate s(-9).
12
Let g(d) = 2*d**2 - 123*d - 2487. What is g(-16)?
-7
Let w(u) = u**3 - 19*u**2 + 66*u - 254. Give w(18).
610
Let c(p) = -2277*p - 88812. What is c(-39)?
-9
Let r(w) = -7*w**3 + 5*w**2 + 41*w + 335. Give r(9).
-3994
Let t(d) = -43*d**2 + 1627*d + 226. Calculate t(38).
-40
Let v(k) = k**3 + 78*k**2 - 567*k + 972. Determine v(3).
0
Let i(u) = 5*u**3 - 35*u**2 - 124*u - 3. Calculate i(-3).
-81
Let w(p) = -p**2 + 5420*p + 1921840. Determine w(-334).
4
Let i(z) = z**3 + 874*z**2 - 81519*z - 3823. Give i(-959).
13
Let q(f) = -7*f**2 - 1788*f + 59939. Give q(30).
-1
Let y(s) = -889*s**2 + 3628*s - 127. Give y(4).
161
Let g(b) = -114730*b + 11817205. Give g(103).
15
Let q(r) = r**2 + 28275*r + 3630820. Calculate q(-129).
-14
Let z(q) = 329776*q + 12201711. What is z(-37)?
-1
Let c(r) = 654*r - 31423. Calculate c(48).
-31
Let a(u) = -u**2 + 2772*u - 74770. Determine a(27).
-655
Let j(d) = -5690*d + 335713. Give j(59).
3
Let x(n) = n**3 - 28*n**2 - 33*n + 158. Determine x(29).
42
Let w(v) = 2*v**3 - 32*v**2 + 30*v - 69. What is w(13)?
-693
Let b(d) = d**2 - 1292*d - 58843. What is b(-44)?
-59
Let g(r) = 8687*r + 104231. What is g(-12)?
-13
Let w(d) = 19*d**2 + 577*d - 67. Calculate w(-28).
-1327
Let q(d) = -127*d**2 + 1746*d + 420. Give q(14).
-28
Let d(w) = -7*w**2 + 279*w + 105. Give d(35).
1295
Let b(a) = -336*a + 7208. What is b(18)?
1160
Let r(n) = 70*n**2 - 227*n - 1157. Give r(6).
1
Let d(f) = 11987*f - 24237. Determine d(2).
-263
Let c(w) = 2*w**3 + 94*w**2 + 185*w + 4314. What is c(-46)?
36
Let d(w) = -3*w**3 - 471*w**2 + 1562*w + 19515. Calculate d(-160).
-5
Let s(y) = -8*y**2 + 193*y - 768. What is s(26)?
-1158
Let r(u) = 52*u**2 + 518*u + 821. Determine r(-9).
371
Let r(i) = 5007*i + 1046466. Give r(-209).
3
Let h(b) = 49*b**2 - 8912*b - 970. What is h(182)?
122
Let v(b) = -21170567*b - 63511708. What is v(-3)?
-7
Let q(d) = 2*d**3 + 14*d**2 + 76*d + 255. Calculate q(-5).
-25
Let w(l) = 186*l**2 - 644*l + 1307. What is w(2)?
763
Let k(r) = -588*r - 24699. Determine k(-42).
-3
Let y(o) = -3170*o - 101434. Determine y(-32).
6
Let v(b) = b**3 + 17*b**2 - 323*b - 3932. Calculate v(-10).
-2
Let n(j) = -j**2 + 33871*j - 677038. What is n(20)?
-18
Let l(r) = 3*r**3 + 683*r**2 - 1608*r - 413. Determine l(-230).
-873
Let v(o) = -204*o**3 + 38*o**2 + 264*o + 527. Calculate v(-2).
1783
Let g(b) = 3*b**3 - 70*b**2 - 319*b + 771. Give g(27).
177
Let m(k) = 27653*k**2 + 248790*k - 19. Determine m(-9).
764
Let j(c) = 392*c - 64680. Determine j(165).
0
Let k(q) = q**3 + 45*q**2 - 96*q + 74. Determine k(-47).
168
Let m(z) = -z**3 + 259*z**2 + 1053*z - 443. Calculate m(263).
-180
Let c(b) = -23*b**3 - 38*b**2 - 903*b - 870. Determine c(-1).
18
Let v(d) = 2069*d + 20682. Calculate v(-12).
-4146
Let l(z) = -14072*z + 2335926. What is l(166)?
-26
Let i(n) = 4*n**3 + 331*n**2 + 1586*n + 8116. Determine i(-78).
4
Let o(h) = h**3 + 68*h**2 + 24*h + 270. What is o(-68)?
-1362
Let h(i) = 179*i**2 + 1928*i + 99. Calculate h(-10).
-1281
Let g(y) = y**3 - 45*y**2 - 753*y - 54. Calculate g(58).
4
Let k(c) = -c**2 + 2998*c + 370710. Determine k(-119).
-213
Let b(l) = l**2 + 359*l + 27279. Determine b(-112).
-385
Let k(f) = -23*f**2 + 492*f + 977. What is k(-2)?
-99
Let i(w) = 318*w - 38987. What is i(122)?
-191
Let l(f) = 14*f**2 + 260*f + 83. What is l(-18)?
-61
Let i(h) = -2099*h**2 + 81861*h + 8. What is i(39)?
8
Let d(z) = -2*z**3 - 25*z**2 + 65*z - 46. Calculate d(-15).
104
Let r(j) = 841*j + 12418. Determine r(-14).
644
Let d(c) = -378*c + 35513. Calculate d(94).
-19
Let q(b) = -6*b**2 - 775*b - 1638. What is q(-127)?
13
Let p(j) = -519*j**2 - 4669*j - 36. What is p(-9)?
-54
Let x(i) = -9548*i + 3475477. Calculate x(364).
5
Let i(j) = 3573*j - 32106. Calculate i(9).
51
Let p(w) = 329782*w + 9563720. Calculate p(-29).
42
Let u(v) = -557*v - 10115. Give u(-17).
-646
Let t(g) = -1849*g - 181262. What is t(-98)?
-60
Let c(x) = -1218*x**2 - 57245*x + 20. What is c(-47)?
-27
Let b(f) = -2*f**2 + 1192*f - 19638. Calculate b(17).
48
Let p(l) = -11*l**3 + 330*l**2 - l + 217. What is p(30)?
187
Let a(c) = -677*c - 1865. Determine a(-3).
166
Let d(r) = 13*r**2 - 1061*r + 21556. Calculate d(35).
346
Let w(o) = 23*o**2 + 744*o + 5752. Determine w(-20).
72
Let p(v) = -31*v**2 - 179*v + 925. Determine p(5).
-745
Let g(q) = -q**3 + 64*q**2 - 534*q - 54. Calculate g(10).
6
Let t(i) = -412*i + 4450. What is t(11)?
-82
Let w(v) = 3675*v + 132323. What is w(-36)?
23
Let s(n) = -111*n**2 - 595*n - 392. What is s(-5)?
-192
Let o(b) = 363213*b + 1816075. Give o(-5).
10
Let v(j) = -539*j - 54975. What is v(-102)?
3
Let b(z) = -1079*z + 826479. What is b(766)?
-35
Let f(y) = y**2 + 13094*y + 6127484. Give f(-486).
-4
Let v(d) = 9404*d - 53054. What is v(6)?
3370
Let o(a) = 11*a**3 + 120*a**2 + 62*a - 514. Determine o(-10).
-134
Let s(i) = 2*i**3 - 1171*i**2 - 1769*i + 4939. Determine s(587).
243
Let f(c) = 21*c**3 - 2698*c**2 + 2694*c + 1. Calculate f(1).
18
Let k(f) = f**2 - 810*f - 82927. What is k(-92)?
57
Let m(z) = -z**2 + 37*z - 496. What is m(35)?
-426
Let k(w) = -16*w**2 - 2279*w - 3310. What is k(-141)?
-67
Let i(w) = 4*w**3 - 32*w**2 - 42*w + 217. Give i(11).
1207
Let j(z) = -z**3 + 375*z**2 - 1204*z + 738174. What is j(377)?
8
Let p(f) = -4*f**2 - 363*f - 9730. Calculate p(-23).
-3497
Let b(j) = 87*j - 2782. Calculate b(32).
2
Let q(t) = 9*t**2 + 374*t + 103. What is q(-19)?
-3754
Let i(g) = 32*g**2 + 17188*g + 2163. What is i(-537)?
15
Let n(c) = c**2 + 931*c + 120897. Determine n(-775).
-3
Let t(y) = -y**3 + 226*y**2 - 470*y + 5046. Determine t(224).
118
Let p(r) = -10*r**2 - 94*r - 1475. Give p(-16).
-2531
Let m(h) = h**3 + 56*h**2 + 155*h + 12184. Determine m(-57).
100
Let u(i) = i**2 + 153431*i + 2454647. Give u(-16).
7
Let g(u) = 3*u**3 + 127*u**2 - 1593*u + 5463. Give g(-53).
4
Let i(j) = j**2 + 2396*j - 104878. Calculate i(43).
-1
Let y(v) = -1516*v**2 + 144019*v + 97. Calculate y(95).
2
Let g(w) = w**2 - 491*w - 13321. Determine g(-26).
121
Let m(u) = -9*u**2 - 15*u - 34. Give m(-5).
-184
Let d(y) = y**3 + 97*y**2 + 94*y - 195. Give d(-96).
-3
Let u(l) = -l**3 + 144*l**2 + 43*l - 5872. Determine u(144).
320
Let n(v) = v**2 - 191*v - 1251. What is n(-6)?
-69
Let t(i) = -4943*i**2 + 29061*i + 3586. Calculate t(6).
4
Let o(p) = -4*p**3 - 73*p**2 - 2*p + 106. Calculate o(-18).
-182
Let u(t) = 512*t - 29438. Calculate u(59).
770
Let p(o) = -o**2 - 326*o + 4759. Give p(14).
-1
Let u(p) = p**2 + 32*p - 32733. Give u(-198).
135
Let h(q) = 16*q**3 - 122*q**2 + 42*q - 616. What is h(8)?
104
Let b(l) = 24*l**2 + 95*l - 138. Give b(-18).
5928
Let c(k) = 4*k**2 - 576*k + 4651. Calculate c(136).
299
Let q(b) = 12*b**2 - 1690*b - 10018. Calculate q(-6).
554
Let j(f) = -7*f**3 + 286*f**2 + 701*f + 5. Calculate j(43).
2413
Let t(o) = 74242*o + 297001. Give t(-4).
33
Let o(d) = -8*d**2 + 287*d + 98. Determine o(36).
62
Let j(x) = -24461*x - 220145. Calculate j(-9).
4
Let j(b) = 16*b**2 + 206*b + 355. Determine j(-11).
25
Let n(g) = 6502*g - 71522. What is n(11)?
0
Let b(h) = -h**3 + 235*h**2 - 89*h - 33905. Give b(234).
25
Let i(c) = -27442*c - 329344. What is i(-12)?
-40
Let d(p) = 14*p**3 + 6*p**2 + 486*p + 960. Determine d(-2).
-100
Let k(w) = -15*w**2 - 145*w + 11489. What is k(-33)?
-61
Let a(c) = -7*c**2 + 456*c + 23361. Give a(99).
-102
Let p(s) = -s**2 - 2128*s + 64443. What is p(30)?
-297
Let t(a) = 462*a + 26072. Determine t(-56).
200
Let c(o) = -276*o + 8074.